mine d(c).
-15
Let d = -10 - -40. Let b = -31 + d. Let y(r) = 4*r**3 + 2*r**2 + 2*r + 1. What is y(b)?
-3
Suppose 4*a + 6*a = 0. Suppose 0*g + 3*g - 15 = a. Let v(h) = -h - 1. Determine v(g).
-6
Let r(f) = -9*f + 2. Suppose 5*n - 2*c = -26, -3 = -0*n - 3*n - 5*c. Determine r(n).
38
Let n = -28 - -30. Let u(a) = 3*a**3 - a**2 - 2*a + 2. Calculate u(n).
18
Let a(n) = 2*n**3 - 7*n**2 + 28*n + 20. Let v(g) = g**3 - 4*g**2 + 13*g + 10. Let q(z) = -4*a(z) + 9*v(z). What is q(8)?
50
Let a = 8 + -10. Let o = 0 - a. Let m(t) = t**2 - t - 1. What is m(o)?
1
Let c(n) be the third derivative of -n**4/24 + 3*n**3/2 - n**2. Let k be (-14)/6*(2 - -3 - 8). Calculate c(k).
2
Let w(n) = n - 4. Let f = 42 - 40. Suppose 0*s = -f*s + 6. Give w(s).
-1
Let f(i) = -i. Suppose -g + 2*k = 3*k - 167, 670 = 4*g + 3*k. Let z = g - 172. What is f(z)?
3
Let x(h) = -11*h**3 + 2*h**2 + 7*h**3 - 10*h**3 + 3*h. Let m(y) = y**3 + y**2 + y. Let i(r) = 3*m(r) - x(r). What is i(-1)?
-16
Let z(a) be the third derivative of a**6/120 + 7*a**5/60 + a**4/12 + a**3/6 + 110*a**2. Determine z(-5).
41
Suppose 4*s = t + 5*s + 3, -2*t - s - 6 = 0. Let r(p) = p - 3. Calculate r(t).
-6
Let n(u) be the third derivative of -u**6/120 - u**5/20 + 7*u**4/24 + u**3 + 2*u**2 - 23. What is n(-5)?
21
Let a(z) = -z**2 + 2*z - 1. Suppose 1 = u - 6. Suppose m + u = -22. Let c = 26 + m. Calculate a(c).
-16
Let a(n) = -n**2 - 7*n - 3. Let x be (-3)/(7 - (-128)/(-20)). What is a(x)?
7
Let h(f) = -2 + 4 + 0*f + f. Suppose 4*n + 2*g = -30, -n + g - 11 = -2. Determine h(n).
-6
Let m(t) = -t**3 - 16*t**2 - 47*t + 12. Let z be m(-12). Let u(l) be the second derivative of -l**4/12 + 5*l**2/2 + 5*l. Determine u(z).
5
Let p be (20/16)/((-7)/28). Let v(a) = a**2 + a - 9. What is v(p)?
11
Let b = -6672 + 6672. Let o(s) = -3*s + s + 3*s - s**3 + 15. What is o(b)?
15
Let b(g) = -g - 2. Let d(i) = -3*i + 15. Let p be d(6). Let f be 6/(-9)*3/2 - p. Calculate b(f).
-4
Let l(b) = 13*b - 10. Let z(y) = 11*y - 10. Let x(m) = 4*l(m) - 5*z(m). Give x(4).
-2
Let i = -76 - -78. Suppose i*n - 88 = 13*n. Let d(o) = -o**2 - 9*o - 11. What is d(n)?
-3
Let p(r) = -5*r - 4*r**2 + 67 + 78 - 141 + r**3. Let i be ((-2)/(-4))/((-1)/(-10)). What is p(i)?
4
Let u be 2/(-4)*(-4 + 4). Let w(k) = 2*k**2 + u*k + 1 + k**3 - 2*k**3 - 3*k. Give w(2).
-5
Let r(f) be the second derivative of f**4/12 + 3*f**3/2 - 13*f**2/2 - 127*f. Determine r(-10).
-3
Let z(p) be the second derivative of -32 + 1/6*p**3 + 2*p - 6*p**2. What is z(6)?
-6
Let d = -171 - -173. Let f(y) = 3*y - 9*y + 6*y + y**d. What is f(-2)?
4
Let o(t) be the third derivative of -t**4/24 - t**2 + 1. Let m = -16 - -10. Let f be (-2)/m - (-28)/6. What is o(f)?
-5
Let v(n) = 6*n - 13*n + 4*n + n**2 - 9*n**2 + 2*n. Let t(z) = -z**3 - 2*z**2 - 2*z - 1. Let k be t(-1). Let d be 1 - 0/(1 + k). Calculate v(d).
-9
Let q(c) = -c**3 + 8*c**2 - c + 1. Let y be (8/36)/((-3)/(-27)). Suppose 4*n = -5*o + 22, y*n + 2 = 5*o + 28. Determine q(n).
-7
Let o(r) = 4*r - 96. Let u be o(26). Let w(n) = n**3 - 9*n**2 + 9*n - 4. Give w(u).
4
Suppose 5*l - 9*l + 9 = 3*m, 4*m - 4*l = -16. Let h(r) = -1 - r + 5*r**3 + r**2 + 8*r**3 - 10*r**3 + 6*r**3. Determine h(m).
-8
Let b(k) = -k**2 + 14*k + 18. Let m be (-30)/6 - ((-120)/(-6))/(-1). What is b(m)?
3
Suppose -12 = 4*q - 2*q. Let r(l) be the first derivative of -l**4/12 - l**3 - 3*l**2 + 2*l - 5. Let b(p) be the first derivative of r(p). Calculate b(q).
-6
Let h(p) be the first derivative of -p**2 + 2*p - 230. What is h(3)?
-4
Let f(l) = 7*l**3 + 18*l**2 + 11*l + 33. Let y(d) = -11*d**3 - 27*d**2 - 16*d - 50. Let o(r) = 8*f(r) + 5*y(r). Give o(-8).
14
Let c(p) = -4*p**2 + 18*p - 6. Let f be c(4). Let y be (18/45)/(f/(-30)). Let a(i) = i**3 + 7*i**2 + 6*i. Calculate a(y).
0
Let g(a) = 4*a - 2*a**3 + 6*a**2 - 2*a**2 + 4 + 3*a**3. Let x be (0 + 1)*(-9 - -8). Let n = x - 2. What is g(n)?
1
Suppose 0 = -6*z + z - 15. Let a be z/2 + (-77)/(-14). Let s(v) = 0*v**2 + 1 - a + 8*v**2 - 2*v + 4. Give s(1).
7
Suppose 0*g = 4*g - 32. Suppose 12*x = g*x + 88. Let j = x - 17. Let u(q) = q**3 - 5*q**2 + 6. What is u(j)?
6
Suppose 5*b + 9 - 39 = 0. Let v(l) = 4*l - 4*l - b*l - 4 + 2*l. Give v(-3).
8
Let f = 15 + -16. Let m(k) be the third derivative of -13/24*k**4 + 0*k + 2*k**2 + 0 - 1/6*k**3. Calculate m(f).
12
Let t(y) = -y**2 + 77*y - 784. Let j be t(12). Let h(s) = 3*s. Determine h(j).
-12
Let x = -10 + 14. Let j(z) = 298 - z**2 - 154 + 3*z - 147. Determine j(x).
-7
Let x(j) = -j. Let g be x(2). Let q = 4 - g. Let m(i) = i**2 - 18*i - 5. Let a(r) = 2*r. Let k(l) = -6*a(l) - m(l). Calculate k(q).
5
Let y(s) = s**2 - 5*s + 5. Let q = 5 + -1. Let r be y(q). Let l be 3 - (r + -2) - 0. Let h(x) = 3*x - 6. What is h(l)?
6
Let l(g) = 21*g + 456. Let d be l(-22). Let t(a) be the first derivative of a**2/2 + 5*a - 2. Give t(d).
-1
Let h(i) = -2*i**3 - 8*i**2 + i + 5. Let a(y) = -3*y**3 - 15*y**2 + y + 11. Let c(p) = 3*a(p) - 5*h(p). Calculate c(5).
-2
Let l(w) be the third derivative of w**5/30 - w**4/8 - 5*w**3/6 - 5*w**2 + w. Calculate l(4).
15
Let u(h) = -h + 8. Let d(f) = -f + 9. Let p(x) = 6*d(x) - 7*u(x). Let l be (-484)/(-77) - 2/7. Suppose 0*o = -o + l. Determine p(o).
4
Let n(h) = -h + 1. Let o(a) = 4*a - 13. Let k(c) = -5*n(c) - o(c). Give k(-9).
-1
Let o(b) = 12 + 0*b - 12 + b - 5. Calculate o(4).
-1
Let i(g) = 3*g**3 + g**3 + 1 + 1 + 43*g**3 - 3. What is i(1)?
46
Let o be (-7)/(-7) + 2*1 - -2. Let u be (2/(-4))/(3/(-18)). Let f(m) = -2*m**3 + o*m - 3 + m**3 - 4*m**2 + 2*m**u. What is f(3)?
3
Let p(o) = 208*o**2 + 214*o**2 - 425*o**2 + o + 1. Determine p(3).
-23
Let i = 120 - 124. Let h(g) be the second derivative of -g**3 - 1/12*g**4 + 0 + 1/2*g**2 - 3*g. Give h(i).
9
Let k be 22/4 - (-126)/36. Let z(r) = r**3 - 9*r**2 + 2*r - 13. Give z(k).
5
Let n(z) = -3*z + 3. Let p(d) = -d**3 + 8*d**2 + d + 1. Let j be p(8). Suppose -5*g = -2*u - j, -g - 1 - 11 = -5*u. Determine n(g).
-6
Let x(j) be the third derivative of 0*j + 5/24*j**4 + 0 + 12*j**2 + 7/60*j**5 - 2/3*j**3 + 1/120*j**6. Determine x(-6).
2
Let x(j) be the second derivative of -j**4/12 - 2*j**3/3 - j**2/2 - 29*j. Give x(-3).
2
Let r = -2 + 6. Let m(u) = 2*u**2 + 9*u - 6. Let w(d) = d**2 + d. Let n = -17 + 16. Let t(z) = n*m(z) + 3*w(z). What is t(r)?
-2
Let z(k) be the second derivative of 0 - 1/2*k**2 - 4*k - 1/3*k**3 - 1/12*k**4. Give z(-1).
0
Suppose 0*t = -t + 2. Let c(g) be the third derivative of -g**6/120 - g**3/6 - 44*g**2. Determine c(t).
-9
Let x = -9 + 9. Let v(y) = y**2 + x + 7*y**2 + 3*y**3 - 1 - 2*y**3. Let g be v(-8). Let n(u) = 8*u**2 - 2*u - 1. What is n(g)?
9
Let v(o) = 16*o - 2*o**3 - o - 10 - 16*o - 8*o**2 + o**3. Give v(-8).
-2
Let a be 5 - 0*((-7)/2)/(-7). Suppose -a*j + 21 = 1. Let h(p) = 2*p - 2. Give h(j).
6
Let x(v) = -3*v**3 + 3*v**2 - v - 1. Let l(f) = 2*f - 10. Let y(q) = q - 1. Let g(i) = -l(i) + y(i). Let k be g(7). Determine x(k).
-15
Let j(m) = m**3 - 7*m**2 + 5*m - 2. Let w be ((-1)/(-3))/((-27)/(-486)). Determine j(w).
-8
Let i(a) = -3*a**2 - 16 + 4*a + 18*a**2 + a**3 - 9*a + 18*a. Let l be i(-14). Let p(v) = v**2 + v + 2. Determine p(l).
4
Let r(t) = -3*t**2 + t + 3. Let k(c) = 6*c**2 - 3*c - 6. Let l(v) = -4*k(v) - 9*r(v). Let j(a) = -a + 6. Let f be j(4). What is l(f)?
15
Let t be (5 - 5)/(2 - 4). Let j = 5 + t. Let c(q) = q**2 - 7*q + 7. Calculate c(j).
-3
Let j(a) = a**3 - 5*a**2 + 3*a - 13. Let v = -132 + 137. Give j(v).
2
Let y(b) = -2*b + 1. Let z be ((-13)/(39/72))/(-2). Let c be ((-9)/z)/((-1)/4). Determine y(c).
-5
Let u(t) = -2*t**2 - 27*t - 17. Suppose -15 = 8*x + 89. Give u(x).
-4
Let p(y) be the second derivative of y**4/12 - 2*y**3 - 4*y**2 + 2*y. Let j be p(13). Suppose -j*i + 21 = 1. Let c(h) = -h**2 + 5*h - 2. Determine c(i).
2
Let j(z) = z**3 - z**2 - z - 4. Suppose -13 = -4*n - 1. Determine j(n).
11
Let j be (-1320)/108 + 2/9. Let u = j + 29. Let s(n) = 17*n**2 + 6*n**3 - u*n**2 + 1. What is s(1)?
7
Let k(w) be the second derivative of 0 + 2/3*w**3 - 3/2*w**2 - 5/12*w**4 + 8*w. Determine k(2).
-15
Let m(r) = 14*r**3 + 44*r**2 + 30*r + 8. Let c(k) = 5*k**3 + 15*k**2 + 11*k + 3. Let o(w) = -17*c(w) + 6*m(w). Determine o(8).
5
Let n(z) = 8*z**2 - z. Suppose -t = 4*g - 52, 0*g + 2*t = 3*g - 39. Suppose 3 = 5*j + g. Let v = j + 3. Determine n(v).
7
Let x(a) = a**3